r of 97 and t.
97
Suppose 4*s - 48 = -0*s. Let n = s - 25. Let f(t) = -t**2 - 14*t - 8. Let l be f(n). Calculate the highest common factor of l and 2.
1
Suppose -7*s + 113 = -41. Suppose 0*g - 74 = -2*g - 4*n, g - s = n. Calculate the highest common divisor of 81 and g.
27
Let h = -13 + 21. Let k = 64 + -32. Calculate the greatest common divisor of k and h.
8
Suppose 0 = 5*u + 2*w - 20, 40*u = 37*u - 4*w - 2. Calculate the greatest common divisor of u and 16.
2
Let t = -124 + 132. Let y(w) = -2*w**2 + 19*w. Let d be y(t). Calculate the greatest common divisor of d and 8.
8
Let s(f) = -20*f - 148. Let g be s(-10). Calculate the highest common divisor of g and 299.
13
Let i(p) = p**3 - p**2 + 2. Let o be i(0). Let j be (-100)/(-30)*12/5. Suppose j = o*k - 2. Calculate the greatest common factor of 55 and k.
5
Suppose 0 = -3*b + 2*b + 65. Let t be (7/21)/(1/48). Suppose t = f + x, -4*f - 8*x + 3*x = -67. Calculate the greatest common divisor of b and f.
13
Let y = -242 + 258. What is the greatest common factor of 304 and y?
16
Suppose -f - 90 = -6*f. Let h = 7 - 5. Suppose k + 5*z - 105 = 0, z - 459 = -5*k - h*z. Calculate the greatest common factor of k and f.
18
Suppose -45 = 4*v - 61. Suppose v*m - m - 3*x = -6, -4*m = 2*x - 10. Calculate the highest common factor of m and 17.
1
Let x be (8/(-6))/(4/(-6)) - 55. Let s be x/(-3) - (2 + 7/(-3)). What is the highest common divisor of 12 and s?
6
Let t = -134 + 197. What is the highest common factor of 36 and t?
9
Let v = 801 + -571. What is the highest common factor of v and 140?
10
Let b = 348 + -231. Suppose -u = -5*w - 94, -2*w + 29 - b = -u. Calculate the greatest common factor of u and 56.
28
Suppose 2*h - 63 + 13 = 4*y, -4*h = 3*y - 45. Suppose -6*f + h = -3*f. Calculate the greatest common divisor of 2 and f.
1
Let z(q) = 5*q**2 - 33*q + 24. Let j be z(6). Calculate the greatest common factor of j and 51.
3
Suppose 2*w - w = 1. Let u = w + 7. Calculate the highest common divisor of u and 72.
8
Let l(p) = 14*p + 4. Let o(i) = i + 1. Let t(z) = l(z) - 5*o(z). Suppose -3*d + 15 = -0*d. Let b be t(d). Calculate the greatest common factor of 4 and b.
4
Let u(d) = -d**2 + 2*d + 21. Let y be u(5). Let z be (-4)/(-2)*y/12. What is the highest common divisor of z and 4?
1
Suppose -5*y + 129 = 4*u, 0 = -2*y + y + 1. Calculate the highest common divisor of u and 62.
31
Let v(f) = -3*f**3 - 3*f**2 - 2*f - 10. Let i be v(-3). What is the greatest common factor of 850 and i?
50
Suppose y - 3*l = 2*l + 74, -3*y + 4*l = -178. Suppose -44*c + 24*c + 120 = 0. What is the greatest common factor of c and y?
6
Suppose -26 = -5*o - 11. Suppose o*x = 3*u, -2*u + 0*x = 2*x - 8. Let b = 3 + u. Calculate the greatest common divisor of 25 and b.
5
Let i = 63 - 53. What is the greatest common factor of i and 220?
10
Suppose -4*n + 5 = 17. Let k be (78/(-8))/(n/12). What is the greatest common factor of 26 and k?
13
Suppose 0 = 4*k + 3*j + 841, j + j = 5*k + 1080. Let r = -30 - k. Suppose f - 1 = 22. What is the highest common factor of f and r?
23
Suppose 2*a + 4*u - 60 = 0, 7*a - 12*a - 5*u = -125. Let s(h) = -219*h + 1. Let o be s(-1). Calculate the greatest common divisor of o and a.
20
Suppose -8 = -9*g + 28. Let w be g - -3 - (-2 - -2). Suppose 3*v - 25 + 2 = 2*z, v + 3*z = 4. What is the highest common factor of v and w?
7
Suppose -14*j = -93 + 9. What is the highest common factor of 246 and j?
6
Suppose -4*h + 951 = -z + 4*z, 3*z = 5*h - 1155. Let m be (-4)/(-14) + h/14. What is the greatest common factor of m and 102?
17
Let k(f) be the second derivative of -5/2*f**2 + 6*f + 0 + 1/6*f**3. Let g be k(12). What is the highest common divisor of 49 and g?
7
Let y be (8/(-6))/(6/(-9)). Suppose -3*g + 15 = y*g. Let h be (99/(-44))/(g/(-8)). Calculate the greatest common divisor of h and 18.
6
Suppose 5*p + 3*q - 1 = -55, 3*p + 39 = -4*q. Let g = p + 23. What is the highest common factor of g and 2?
2
Let b be (7/21 - (-707)/21) + -4. Let w(t) = 7*t**2 - 6*t + 5. Let u be w(-5). Calculate the highest common factor of u and b.
30
Let l(s) = -8*s**2 - 116*s - 38. Let z be l(-14). Suppose 4*w = 19 + 53. What is the highest common factor of w and z?
18
Suppose -33*g + 39*g = 528. Calculate the greatest common factor of g and 1232.
88
Suppose -3*f = -10 - 50. Let n be (7 + -3)*2/(-4). Let q(p) = -p**3 - p**2 - 2*p. Let v be q(n). Calculate the greatest common divisor of v and f.
4
Suppose -o + 0 + 21 = 0. What is the greatest common factor of o and 42?
21
Let s = 3 - -17. Let u(l) = l - 14. Let z be u(18). Calculate the greatest common divisor of z and s.
4
Let u be 247 + (6 - -3) + -4. What is the greatest common divisor of u and 28?
28
Let a(t) = -456*t + 32. Let s be a(-3). What is the greatest common factor of s and 56?
56
Let m = -3 - -6. Suppose 0 = -m*s, 0 = 2*f - 0*f + 3*s. Let b(j) = j**2 - j + 16. Let o be b(f). Calculate the greatest common factor of o and 64.
16
Let m = 2206 - 1969. What is the highest common factor of 79 and m?
79
Let n be 0 + 37 + (7 - -3) + -7. Calculate the greatest common divisor of n and 8.
8
Suppose 7*p = 2*p - 35. Let c = p + 16. Let v(d) = 2*d + 18. Let s be v(c). What is the highest common factor of s and 252?
36
Suppose -117 = 4*h + 3*u - 4*u, 0 = -3*h + 4*u - 104. Let r be 4/14 - (-7148)/h. Let k be r/9*3/(-1). What is the highest common divisor of k and 17?
17
Suppose 287 = 4*h + 5*t, 0 = 2*h + 5*t - 79 - 72. What is the greatest common divisor of h and 36?
4
Let p be 8*18/4 + 0/(-2). Let s = p - 26. Calculate the highest common factor of 2 and s.
2
Let v = -147 - -151. Let t(r) = -2*r - 6. Let k be t(-13). What is the highest common factor of k and v?
4
Let x = 19 + -6. Suppose -5*k + x*k = 152. Calculate the highest common divisor of k and 152.
19
Suppose 15*r = 10*r + 25. Suppose r*h = 3*h + 14. What is the highest common divisor of 133 and h?
7
Let j = 30 - 28. Suppose -2*b = 4, -t = -3*t + j*b + 256. What is the highest common factor of 14 and t?
14
Suppose 7*a - 4 = 10. Suppose -3*p + 0*p = -5*r - a, 0 = r - 4*p + 14. Suppose -3*q = -r*q - 56. What is the highest common factor of q and 140?
28
Suppose -i - 2*i = -306. Suppose 0 = 5*f - 2*s - 183 - 82, 2*s = 2*f - 112. Calculate the highest common divisor of f and i.
51
Let f be 3*((-30)/9)/(-5). Suppose 4*g = -f + 10. Suppose 0 = -v + 4 + 1. What is the highest common divisor of g and v?
1
Suppose g = 12*g - 5005. What is the highest common divisor of g and 91?
91
Let w = -2 - -9. Let i be ((-90)/63)/((-1)/w). What is the highest common divisor of i and 40?
10
Let t = -11 + 15. Suppose 5*s + 51 = t*q, -5*s = -2*q - 16 + 49. Suppose 3*n = 12 + q. What is the highest common factor of n and 77?
7
Let f(w) = -w**2 + 9*w - 4. Let p be f(6). Suppose -4*i + 3 = -z - p, -3*z - 1 = -2*i. Let s = i + 0. What is the greatest common divisor of s and 1?
1
Let j(i) = -6*i + 12. Let v be j(-3). What is the greatest common factor of v and 510?
30
Let s = -4358 - -6698. Calculate the greatest common divisor of 12 and s.
12
Suppose 0 = -5*s - 3*c + 22, 0 + 3 = -3*c. Let k = 30 - 28. Suppose 10*o - k = 8*o. What is the highest common factor of o and s?
1
Let y(x) = -x**2 - 5*x - 3. Let c be y(-4). Let h be (-50)/(-4)*2/c. Let b be (1/(-3))/(1/(-15)). Calculate the highest common factor of h and b.
5
Let x(k) = 6*k**2 + 2*k - 1. Let u be x(-2). Let q be (134 - -4) + 5*-1. Calculate the highest common factor of q and u.
19
Let x = -122 - -146. Let w(q) = q**2 - 9*q + 24. Let v be w(9). What is the highest common divisor of x and v?
24
Let j be ((-48)/(-10))/(66/20 + -3). Calculate the greatest common divisor of j and 8.
8
Suppose -3*a + 6*a = -6. Let b be 24/(-30)*(-20)/a. Let r(y) = -5*y + 10. Let t be r(b). Calculate the highest common factor of 5 and t.
5
Let o(n) be the first derivative of n**4/4 + 13*n**3/3 + 11*n**2/2 - 11*n + 11. Let c be o(-12). Calculate the greatest common factor of c and 11.
1
Let c be 1*(0/1 - -6). Let t be (-4 - -32)*3/c. What is the greatest common divisor of t and 14?
14
Let h(j) = 23*j - 122. Let s be h(12). Let x(t) = -t**3 + 6*t**2 - 3*t + 3. Let u be x(3). Let i = u + -7. What is the highest common factor of s and i?
14
Let c = -24 + 29. Suppose 4*d = -4*s + 28, c*d = s - 5*s + 36. What is the highest com